at is the highest common factor of 74 and 214395982?
74
What is the greatest common divisor of 8344952 and 187891?
6479
What is the highest common divisor of 6816618 and 2?
2
What is the highest common factor of 545372776 and 104?
104
Calculate the greatest common factor of 12 and 3636849.
3
Calculate the greatest common divisor of 78 and 3942328.
26
Calculate the greatest common divisor of 6265728 and 60.
12
Calculate the highest common divisor of 60472 and 53.
1
What is the highest common divisor of 21651 and 73101?
21
Calculate the highest common factor of 1763 and 25333367.
41
What is the highest common divisor of 404 and 142144?
4
Calculate the highest common divisor of 878024 and 6328.
56
What is the greatest common factor of 14268 and 1969476?
492
Calculate the greatest common divisor of 139224735 and 975.
195
What is the highest common factor of 13775 and 56605825?
725
Calculate the greatest common divisor of 6598 and 81567775.
3299
Calculate the greatest common factor of 296568 and 13716.
108
Calculate the highest common factor of 345004 and 4004.
44
What is the highest common factor of 66236 and 12557?
29
What is the highest common factor of 152812 and 5067711?
1661
Calculate the highest common factor of 1159665 and 1920.
15
Calculate the highest common factor of 2698 and 148751.
19
Calculate the greatest common factor of 10800 and 314175.
75
What is the greatest common divisor of 2553 and 1670883?
111
Calculate the greatest common factor of 75689890 and 3440.
430
Calculate the highest common factor of 433 and 338299869.
433
What is the greatest common factor of 16775 and 561935?
55
What is the greatest common factor of 119184 and 174805683?
7449
Calculate the greatest common divisor of 153194442 and 584.
146
What is the greatest common divisor of 20442 and 11676?
6
Calculate the greatest common factor of 19334211 and 429.
39
What is the highest common factor of 691662 and 168?
6
Calculate the greatest common factor of 2445 and 755636215.
815
Calculate the highest common divisor of 453833209 and 58.
29
Calculate the highest common divisor of 5748252 and 413.
59
Calculate the greatest common divisor of 30 and 227401410.
30
Calculate the highest common factor of 292920726 and 147.
147
Calculate the highest common factor of 1062840 and 2701980.
1020
Calculate the greatest common factor of 2113632 and 9184.
1312
What is the greatest common factor of 85 and 171258?
17
Calculate the highest common divisor of 14966241 and 876.
219
What is the greatest common divisor of 140 and 1167698?
14
What is the highest common factor of 619836 and 705?
141
Calculate the highest common divisor of 8697336 and 14280.
408
Calculate the greatest common factor of 2444 and 1390354.
94
Calculate the highest common factor of 15 and 391240155.
15
What is the greatest common divisor of 292890434 and 76?
38
What is the highest common factor of 2653584 and 816?
48
Calculate the highest common divisor of 390 and 3954795.
195
Calculate the highest common divisor of 474587250 and 1719.
573
What is the highest common factor of 11157 and 8817?
3
Calculate the highest common factor of 145234700 and 208.
52
What is the greatest common divisor of 254852 and 56691388?
8788
Calculate the greatest common divisor of 17245785 and 40.
5
What is the greatest common factor of 1705 and 280610?
55
Calculate the greatest common divisor of 4237 and 2325221.
223
Calculate the highest common factor of 56 and 14379218.
14
Calculate the highest common divisor of 3880 and 137285.
5
What is the greatest common divisor of 149258 and 19976368?
4034
Calculate the highest common divisor of 3033825 and 27677.
2129
What is the highest common divisor of 33694 and 165344386?
1982
What is the highest common divisor of 2331 and 198727?
37
What is the highest common divisor of 87137785 and 105?
35
Calculate the highest common factor of 6678 and 35925732.
954
What is the greatest common factor of 3615 and 13731825?
15
What is the greatest common divisor of 1459 and 10027707?
1459
What is the greatest common factor of 167568 and 27792?
48
Calculate the greatest common divisor of 184492 and 98780.
44
Calculate the greatest common divisor of 5630193 and 62235.
4149
What is the highest common divisor of 533 and 379858973?
533
What is the greatest common factor of 66623 and 748?
17
Calculate the highest common divisor of 1975 and 28311250.
25
What is the highest common divisor of 4 and 34364476?
4
What is the highest common factor of 446 and 13848746?
446
Calculate the greatest common divisor of 118701323 and 65.
13
Calculate the highest common factor of 8474 and 84379.
19
Calculate the highest common divisor of 1274 and 11183809.
637
What is the highest common divisor of 8841 and 4375?
7
Calculate the highest common factor of 53585428 and 884.
884
Calculate the greatest common divisor of 547936 and 512.
32
What is the greatest common factor of 52150854 and 15846?
834
Calculate the highest common divisor of 79737 and 8505.
21
Calculate the highest common divisor of 1904396 and 371.
53
What is the greatest common factor of 210928096 and 32?
32
Calculate the highest common divisor of 12598824 and 3952.
152
Calculate the highest common factor of 129152 and 43318388.
4036
What is the greatest common divisor of 2581 and 554248?
29
Calculate the greatest common factor of 3034 and 1451810.
82
What is the greatest common divisor of 12982920 and 75?
15
Calculate the greatest common factor of 755 and 2396219.
151
Calculate the highest common factor of 22974 and 55956.
6
Calculate the highest common divisor of 64 and 359731888.
16
Calculate the greatest common factor of 1259243091 and 34.
17
What is the greatest common divisor of 346 and 17552234?
346
Calculate the greatest common divisor of 50364 and 1313661.
4197
What is the highest common factor of 59657516 and 372?
124
What is the greatest common factor of 330930236 and 559?
559
Calculate the greatest common factor of 10625 and 75650.
425
Calculate the highest common divisor of 36025 and 71228630.
7205
What is the greatest common factor of 84504780 and 3420?
3420
What is the highest common factor of 636327 and 10880?
17
What is the greatest common divisor of 1946 and 281921885?
973
What is the highest common factor of 4776049 and 33497?
779
What is the greatest common divisor of 703 and 1454581?
37
What is the greatest common divisor of 622229 and 19829?
251
Calculate the highest common divisor of 2328 and 10104684.
1164
Calculate the greatest common divisor of 21007 and 53366783.
3001
Calculate the greatest common divisor of 29070 and 16640010.
1710
What is the highest common factor of 183433 and 30688687?
3461
Calculate the greatest common factor of 100285439 and 57.
19
Calculate the highest common divisor of 396 and 442740276.
396
Calculate the highest common divisor of 185628 and 400148.
124
What is the highest common divisor of 1897150 and 1039300?
950
What is the highest common divisor of 44520 and 15586452?
4452
Calculate the highest common factor of 620272 and 400.
16
Calculate the highest common factor of 1201 and 532043.
1201
What is the highest common divisor of 21039 and 7248?
3
What is the highest common divisor of 507 and 168369?
3
Calculate the greatest common divisor of 311488345 and 3010.
1505
What is the highest common factor of 357 and 10998609?
51
What is the highest common divisor of 32 and 85803632?
16
What is the highest common divisor of 92 and 264991924?
92
Calculate the highest common divisor of 98712 and 30078.
54
What is the greatest common factor of 617184 and 23472?
144
Calculate the highest common factor of 22939 and 511777.
791
What is the highest common divisor of 1408 and 28576064?
704
Calculate the highest common divisor of 539392 and 65317.
2107
Calculate the greatest common factor of 3132 and 6922368.
108
What is the greatest common divisor of 18888580 and 60?
20
What is the highest common divisor of 7061 and 1308127?
307
What is the highest common divisor of 2464 and 206918096?
1232
What is the greatest common factor of 30913 and 91713?
19
Calculate the greatest common factor of 1988032 and 3008.
64
Calculate the highest common divisor of 141 and 671556.
3
Calculate the greatest common factor of 947383 and 22.
1
What is t